{"id":27,"date":"2015-05-21T08:37:14","date_gmt":"2015-05-21T07:37:14","guid":{"rendered":"http:\/\/www.mecaloire.fr\/?page_id=27"},"modified":"2022-09-21T17:15:19","modified_gmt":"2022-09-21T16:15:19","slug":"actions","status":"publish","type":"page","link":"https:\/\/old.mecaloire.fr\/?page_id=27","title":{"rendered":"Actions"},"content":{"rendered":"<h2>Rejoindre MECALOIRE et l&#8217;action &#8220;PRODUCTION FRANCE !&#8221;, c&#8217;est croire en la force du collectif, adh\u00e9rer \u00e0 des valeurs communes, et s&#8217;impliquer selon ses envies<\/h2>\n<p><strong>MECALOIRE joue le r\u00f4le de porte d&#8217;entr\u00e9e, &#8220;guichet unique&#8221;, pour vous permettre\u00a0 d&#8217;acc\u00e9der \u00e0 des projets, des financements, et vous permet de sortir du cadre, envisager le futur, par les rencontres et par les th\u00e9matiques propos\u00e9es.\u00a0<\/strong><\/p>\n<p>5 th\u00e9matiques anim\u00e9es par 5 commissions :<\/p>\n<div style=\"clear: both;\"><strong><a href=\"http:\/\/www.mecaloire.fr\/actions\/echanger\/\"><img loading=\"lazy\" class=\"alignleft wp-image-368\" src=\"http:\/\/www.mecaloire.fr\/wp-content\/uploads\/2015\/05\/picto-\u00c7changer-150x150.png\" alt=\"Mecaloire - \u00e9changer\" width=\"100\" height=\"100\" srcset=\"https:\/\/old.mecaloire.fr\/wp-content\/uploads\/2015\/05\/picto-\u00c7changer-150x150.png 150w, https:\/\/old.mecaloire.fr\/wp-content\/uploads\/2015\/05\/picto-\u00c7changer-300x300.png 300w, https:\/\/old.mecaloire.fr\/wp-content\/uploads\/2015\/05\/picto-\u00c7changer-500x500.png 500w, https:\/\/old.mecaloire.fr\/wp-content\/uploads\/2015\/05\/picto-\u00c7changer-120x120.png 120w, https:\/\/old.mecaloire.fr\/wp-content\/uploads\/2015\/05\/picto-\u00c7changer.png 518w\" sizes=\"(max-width: 100px) 100vw, 100px\" \/><\/a><\/strong><\/div>\n<div style=\"clear: both;\"><strong><span style=\"color: #d13832;\">&#8220;F\u00e9d\u00e9rer les entreprises<a style=\"color: #d13832;\" href=\"http:\/\/www.mecaloire.fr\/actions\/echanger\/\">&#8220;<\/a> :<\/span><\/strong> Communiquer avec ses pairs, rompre l&#8217;isolement, et ainsi gagner en capital confiance. Les actions propos\u00e9es : petits-d\u00e9jeuners mensuels, d\u00e9jeuners informels, rencontres &#8220;afterwork&#8221;, temps forts (voeux, AG, Xmas Party &#8230;) diffusion d&#8217;informations cibl\u00e9es pour vous. Cette commission vous permet de vous rencontrer, d&#8217;\u00e9changer, de s&#8217;informer.<\/div>\n<div><\/div>\n<div><a href=\"https:\/\/old.mecaloire.fr\/wp-content\/uploads\/2015\/05\/picto-motiver.png\"><img loading=\"lazy\" class=\"alignleft wp-image-371\" src=\"https:\/\/old.mecaloire.fr\/wp-content\/uploads\/2015\/05\/picto-motiver.png\" alt=\"Motiver - Mecaloire\" width=\"105\" height=\"105\" srcset=\"https:\/\/old.mecaloire.fr\/wp-content\/uploads\/2015\/05\/picto-motiver.png 515w, https:\/\/old.mecaloire.fr\/wp-content\/uploads\/2015\/05\/picto-motiver-150x150.png 150w, https:\/\/old.mecaloire.fr\/wp-content\/uploads\/2015\/05\/picto-motiver-300x300.png 300w, https:\/\/old.mecaloire.fr\/wp-content\/uploads\/2015\/05\/picto-motiver-500x500.png 500w, https:\/\/old.mecaloire.fr\/wp-content\/uploads\/2015\/05\/picto-motiver-120x120.png 120w\" sizes=\"(max-width: 105px) 100vw, 105px\" \/><\/a><\/div>\n<div style=\"clear: both;\"><strong><span style=\"color: #f27e3b;\">&#8220;Performance interne&#8221; :<\/span><\/strong> Travailler sur la performance interne et l&#8217;innovation organisationnelle, c&#8217;est l&#8217;objectif des actions men\u00e9es dans cette th\u00e9matique. Des actions concr\u00e8tes : RSE (diagnostics puis plan d&#8217;action), achats group\u00e9es (partenariat avec QANTIS), recrutements \/ emploi (Pr\u00e9pa Tremplin, Campus des M\u00e9tiers, partenariats \u00e9tablissements d&#8217;enseignement&#8230;).<\/div>\n<div><\/div>\n<div><strong><a href=\"https:\/\/old.mecaloire.fr\/wp-content\/uploads\/2015\/05\/picto-sallier.png\"><img loading=\"lazy\" class=\"alignleft wp-image-372 \" src=\"https:\/\/old.mecaloire.fr\/wp-content\/uploads\/2015\/05\/picto-sallier.png\" alt=\"S'allier - Mecaloire\" width=\"104\" height=\"104\" srcset=\"https:\/\/old.mecaloire.fr\/wp-content\/uploads\/2015\/05\/picto-sallier.png 530w, https:\/\/old.mecaloire.fr\/wp-content\/uploads\/2015\/05\/picto-sallier-150x150.png 150w, https:\/\/old.mecaloire.fr\/wp-content\/uploads\/2015\/05\/picto-sallier-300x300.png 300w, https:\/\/old.mecaloire.fr\/wp-content\/uploads\/2015\/05\/picto-sallier-500x500.png 500w, https:\/\/old.mecaloire.fr\/wp-content\/uploads\/2015\/05\/picto-sallier-120x120.png 120w\" sizes=\"(max-width: 104px) 100vw, 104px\" \/><\/a><\/strong><\/div>\n<div style=\"clear: both;\"><strong><span style=\"color: #55b74e;\">&#8220;D\u00e9veloppement du C.A. et international&#8221; :<\/span><\/strong> Favoriser le d\u00e9veloppement de l&#8217;activit\u00e9 des entreprises, notamment \u00e0 l&#8217;international. Exemples d&#8217;actions \u00a0: Business Meeting inter-grappes annuel, sensibilisation aux attentes des acheteurs industriels, d\u00e9marches cibl\u00e9es fili\u00e8res, avec CIMES (cycle, nucl\u00e9aire), \u00e9changes et actions de la commission internationale<\/div>\n<div><\/div>\n<div><\/div>\n<div style=\"clear: both;\"><strong><a href=\"http:\/\/www.mecaloire.fr\/actions\/innover\/\"><img loading=\"lazy\" class=\"alignleft wp-image-370\" src=\"http:\/\/www.mecaloire.fr\/wp-content\/uploads\/2015\/05\/picto-innover-150x150.png\" alt=\"Innover - Mecaloire\" width=\"100\" height=\"100\" srcset=\"https:\/\/old.mecaloire.fr\/wp-content\/uploads\/2015\/05\/picto-innover-150x150.png 150w, https:\/\/old.mecaloire.fr\/wp-content\/uploads\/2015\/05\/picto-innover-300x300.png 300w, https:\/\/old.mecaloire.fr\/wp-content\/uploads\/2015\/05\/picto-innover-500x500.png 500w, https:\/\/old.mecaloire.fr\/wp-content\/uploads\/2015\/05\/picto-innover-120x120.png 120w, https:\/\/old.mecaloire.fr\/wp-content\/uploads\/2015\/05\/picto-innover.png 523w\" sizes=\"(max-width: 100px) 100vw, 100px\" \/><\/a><\/strong><\/div>\n<div style=\"clear: both;\"><strong><span style=\"color: #efc93a;\">&#8220;Innovation&#8221; :<\/span><\/strong> D\u00e9velopper l&#8217;esprit d&#8217;innovation, adopter une m\u00e9thodologie de cr\u00e9ativit\u00e9, et faciliter la fabrication de produits propres. Actions : MECALOIRE r\u00e9unit ses adh\u00e9rents lors de rendez-vous th\u00e9matiques (fabrication additive chez PCI, excellence op\u00e9rationnelle \u00e0 l&#8217;ISTP) et facilite l&#8217;acc\u00e8s aux Appels \u00e0 Projet (AAP innovant et Industrie du Futur), en vos accompagnant dans la d\u00e9marche, avec CIMES.<\/div>\n<div><\/div>\n<div><img loading=\"lazy\" class=\"alignleft wp-image-13014\" src=\"https:\/\/old.mecaloire.fr\/wp-content\/uploads\/2022\/09\/logo-production-france.png\" alt=\"\" width=\"107\" height=\"106\" srcset=\"https:\/\/old.mecaloire.fr\/wp-content\/uploads\/2022\/09\/logo-production-france.png 500w, https:\/\/old.mecaloire.fr\/wp-content\/uploads\/2022\/09\/logo-production-france-300x296.png 300w, https:\/\/old.mecaloire.fr\/wp-content\/uploads\/2022\/09\/logo-production-france-150x150.png 150w, https:\/\/old.mecaloire.fr\/wp-content\/uploads\/2022\/09\/logo-production-france-230x227.png 230w, https:\/\/old.mecaloire.fr\/wp-content\/uploads\/2022\/09\/logo-production-france-120x120.png 120w\" sizes=\"(max-width: 107px) 100vw, 107px\" \/><\/div>\n<div><\/div>\n<div><\/div>\n<div><\/div>\n<div><\/div>\n<div><\/div>\n<div>&#8220;Production France !&#8221; . C&#8217;est l&#8217;action lanc\u00e9e en 2020 par MECALOIRE.<\/div>\n<div>L&#8217;objectif : favoriser la relocalisation de la production des donneurs d&#8217;ordre, gr\u00e2ce aux comp\u00e9tences de nos entreprises, dans la m\u00e9canique, robotique et ing\u00e9nierie en Loire \/ Haute-Loire. Nos actions : faire-conna\u00eetre nos savoir-faire aux acheteurs, BE, dirigeants de l&#8217;industrie fran\u00e7aise, aller chercher des projets. <a href=\"https:\/\/www.produirenfrance.fr\/\" target=\"_blank\" rel=\"noopener\">Voir le site d\u00e9di\u00e9 Production France<\/a><\/div>\n<div><\/div>\n<div><\/div>\n","protected":false},"excerpt":{"rendered":"<p>Rejoindre MECALOIRE et l&#8217;action &#8220;PRODUCTION FRANCE !&#8221;, c&#8217;est croire en la force du collectif, adh\u00e9rer \u00e0 des valeurs communes, et s&#8217;impliquer selon ses envies MECALOIRE joue le r\u00f4le de porte d&#8217;entr\u00e9e, &#8220;guichet unique&#8221;, pour vous permettre\u00a0 d&#8217;acc\u00e9der \u00e0 des projets, des financements, et vous permet de sortir du cadre, envisager le futur, par les rencontres&#8230;<i class=\"read-more><\/i>Lire la suite<\/p>\n","protected":false},"author":1,"featured_media":0,"parent":0,"menu_order":0,"comment_status":"open","ping_status":"open","template":"","meta":[],"yoast_head":"<!-- This site is optimized with the Yoast SEO plugin v18.8 - https:\/\/yoast.com\/wordpress\/plugins\/seo\/ -->\n<title>Actions - M\u00e9caloire<\/title>\n<meta name=\"description\" content=\"Rejoindre MECALOIRE, c&#039;est croire en la force du collectif, adh\u00e9rer \u00e0 des valeurs communes, et s&#039;impliquer dans un ou plusieurs axes.\" \/>\n<meta name=\"robots\" content=\"index, follow, max-snippet:-1, max-image-preview:large, max-video-preview:-1\" \/>\n<link rel=\"canonical\" href=\"https:\/\/old.mecaloire.fr\/?page_id=27\" \/>\n<meta property=\"og:locale\" content=\"fr_FR\" \/>\n<meta property=\"og:type\" content=\"article\" \/>\n<meta property=\"og:title\" content=\"Actions - M\u00e9caloire\" \/>\n<meta property=\"og:description\" content=\"Rejoindre MECALOIRE, c&#039;est croire en la force du collectif, adh\u00e9rer \u00e0 des valeurs communes, et s&#039;impliquer dans un ou plusieurs axes.\" \/>\n<meta property=\"og:url\" content=\"https:\/\/old.mecaloire.fr\/?page_id=27\" \/>\n<meta property=\"og:site_name\" content=\"M\u00e9caloire\" \/>\n<meta property=\"article:modified_time\" content=\"2022-09-21T16:15:19+00:00\" \/>\n<meta property=\"og:image\" content=\"https:\/\/old.mecaloire.fr\/wp-content\/uploads\/2015\/05\/picto-motiver.png\" \/>\n<meta name=\"twitter:card\" content=\"summary\" \/>\n<meta name=\"twitter:label1\" content=\"Dur\u00e9e de lecture estim\u00e9e\" \/>\n\t<meta name=\"twitter:data1\" content=\"2 minutes\" \/>\n<script type=\"application\/ld+json\" class=\"yoast-schema-graph\">{\"@context\":\"https:\/\/schema.org\",\"@graph\":[{\"@type\":\"WebSite\",\"@id\":\"https:\/\/old.mecaloire.fr\/#website\",\"url\":\"https:\/\/old.mecaloire.fr\/\",\"name\":\"M\u00e9caloire\",\"description\":\"\",\"potentialAction\":[{\"@type\":\"SearchAction\",\"target\":{\"@type\":\"EntryPoint\",\"urlTemplate\":\"https:\/\/old.mecaloire.fr\/?s={search_term_string}\"},\"query-input\":\"required name=search_term_string\"}],\"inLanguage\":\"fr-FR\"},{\"@type\":\"ImageObject\",\"inLanguage\":\"fr-FR\",\"@id\":\"https:\/\/old.mecaloire.fr\/?page_id=27#primaryimage\",\"url\":\"https:\/\/old.mecaloire.fr\/wp-content\/uploads\/2015\/05\/picto-motiver.png\",\"contentUrl\":\"https:\/\/old.mecaloire.fr\/wp-content\/uploads\/2015\/05\/picto-motiver.png\",\"width\":515,\"height\":515,\"caption\":\"Motiver - Mecaloire\"},{\"@type\":\"WebPage\",\"@id\":\"https:\/\/old.mecaloire.fr\/?page_id=27#webpage\",\"url\":\"https:\/\/old.mecaloire.fr\/?page_id=27\",\"name\":\"Actions - M\u00e9caloire\",\"isPartOf\":{\"@id\":\"https:\/\/old.mecaloire.fr\/#website\"},\"primaryImageOfPage\":{\"@id\":\"https:\/\/old.mecaloire.fr\/?page_id=27#primaryimage\"},\"datePublished\":\"2015-05-21T07:37:14+00:00\",\"dateModified\":\"2022-09-21T16:15:19+00:00\",\"description\":\"Rejoindre MECALOIRE, c'est croire en la force du collectif, adh\u00e9rer \u00e0 des valeurs communes, et s'impliquer dans un ou plusieurs axes.\",\"breadcrumb\":{\"@id\":\"https:\/\/old.mecaloire.fr\/?page_id=27#breadcrumb\"},\"inLanguage\":\"fr-FR\",\"potentialAction\":[{\"@type\":\"ReadAction\",\"target\":[\"https:\/\/old.mecaloire.fr\/?page_id=27\"]}]},{\"@type\":\"BreadcrumbList\",\"@id\":\"https:\/\/old.mecaloire.fr\/?page_id=27#breadcrumb\",\"itemListElement\":[{\"@type\":\"ListItem\",\"position\":1,\"name\":\"Accueil\",\"item\":\"https:\/\/old.mecaloire.fr\/\"},{\"@type\":\"ListItem\",\"position\":2,\"name\":\"Actions\"}]}]}<\/script>\n<!-- \/ Yoast SEO plugin. -->","yoast_head_json":{"title":"Actions - M\u00e9caloire","description":"Rejoindre MECALOIRE, c'est croire en la force du collectif, adh\u00e9rer \u00e0 des valeurs communes, et s'impliquer dans un ou plusieurs axes.","robots":{"index":"index","follow":"follow","max-snippet":"max-snippet:-1","max-image-preview":"max-image-preview:large","max-video-preview":"max-video-preview:-1"},"canonical":"https:\/\/old.mecaloire.fr\/?page_id=27","og_locale":"fr_FR","og_type":"article","og_title":"Actions - M\u00e9caloire","og_description":"Rejoindre MECALOIRE, c'est croire en la force du collectif, adh\u00e9rer \u00e0 des valeurs communes, et s'impliquer dans un ou plusieurs axes.","og_url":"https:\/\/old.mecaloire.fr\/?page_id=27","og_site_name":"M\u00e9caloire","article_modified_time":"2022-09-21T16:15:19+00:00","og_image":[{"url":"https:\/\/old.mecaloire.fr\/wp-content\/uploads\/2015\/05\/picto-motiver.png"}],"twitter_card":"summary","twitter_misc":{"Dur\u00e9e de lecture estim\u00e9e":"2 minutes"},"schema":{"@context":"https:\/\/schema.org","@graph":[{"@type":"WebSite","@id":"https:\/\/old.mecaloire.fr\/#website","url":"https:\/\/old.mecaloire.fr\/","name":"M\u00e9caloire","description":"","potentialAction":[{"@type":"SearchAction","target":{"@type":"EntryPoint","urlTemplate":"https:\/\/old.mecaloire.fr\/?s={search_term_string}"},"query-input":"required name=search_term_string"}],"inLanguage":"fr-FR"},{"@type":"ImageObject","inLanguage":"fr-FR","@id":"https:\/\/old.mecaloire.fr\/?page_id=27#primaryimage","url":"https:\/\/old.mecaloire.fr\/wp-content\/uploads\/2015\/05\/picto-motiver.png","contentUrl":"https:\/\/old.mecaloire.fr\/wp-content\/uploads\/2015\/05\/picto-motiver.png","width":515,"height":515,"caption":"Motiver - Mecaloire"},{"@type":"WebPage","@id":"https:\/\/old.mecaloire.fr\/?page_id=27#webpage","url":"https:\/\/old.mecaloire.fr\/?page_id=27","name":"Actions - M\u00e9caloire","isPartOf":{"@id":"https:\/\/old.mecaloire.fr\/#website"},"primaryImageOfPage":{"@id":"https:\/\/old.mecaloire.fr\/?page_id=27#primaryimage"},"datePublished":"2015-05-21T07:37:14+00:00","dateModified":"2022-09-21T16:15:19+00:00","description":"Rejoindre MECALOIRE, c'est croire en la force du collectif, adh\u00e9rer \u00e0 des valeurs communes, et s'impliquer dans un ou plusieurs axes.","breadcrumb":{"@id":"https:\/\/old.mecaloire.fr\/?page_id=27#breadcrumb"},"inLanguage":"fr-FR","potentialAction":[{"@type":"ReadAction","target":["https:\/\/old.mecaloire.fr\/?page_id=27"]}]},{"@type":"BreadcrumbList","@id":"https:\/\/old.mecaloire.fr\/?page_id=27#breadcrumb","itemListElement":[{"@type":"ListItem","position":1,"name":"Accueil","item":"https:\/\/old.mecaloire.fr\/"},{"@type":"ListItem","position":2,"name":"Actions"}]}]}},"_links":{"self":[{"href":"https:\/\/old.mecaloire.fr\/index.php?rest_route=\/wp\/v2\/pages\/27"}],"collection":[{"href":"https:\/\/old.mecaloire.fr\/index.php?rest_route=\/wp\/v2\/pages"}],"about":[{"href":"https:\/\/old.mecaloire.fr\/index.php?rest_route=\/wp\/v2\/types\/page"}],"author":[{"embeddable":true,"href":"https:\/\/old.mecaloire.fr\/index.php?rest_route=\/wp\/v2\/users\/1"}],"replies":[{"embeddable":true,"href":"https:\/\/old.mecaloire.fr\/index.php?rest_route=%2Fwp%2Fv2%2Fcomments&post=27"}],"version-history":[{"count":22,"href":"https:\/\/old.mecaloire.fr\/index.php?rest_route=\/wp\/v2\/pages\/27\/revisions"}],"predecessor-version":[{"id":13012,"href":"https:\/\/old.mecaloire.fr\/index.php?rest_route=\/wp\/v2\/pages\/27\/revisions\/13012"}],"wp:attachment":[{"href":"https:\/\/old.mecaloire.fr\/index.php?rest_route=%2Fwp%2Fv2%2Fmedia&parent=27"}],"curies":[{"name":"wp","href":"https:\/\/api.w.org\/{rel}","templated":true}]}}